{"id":1043,"date":"2024-01-18T12:08:28","date_gmt":"2024-01-18T12:08:28","guid":{"rendered":"https:\/\/mindsofresearch.com\/index.php\/about-us-2\/"},"modified":"2026-02-07T23:15:58","modified_gmt":"2026-02-07T23:15:58","slug":"quienes-somos","status":"publish","type":"page","link":"https:\/\/mindsofresearch.com\/index.php\/quienes-somos\/","title":{"rendered":"Quienes somos"},"content":{"rendered":"\n<div style=\"height:42px\" aria-hidden=\"true\" class=\"wp-block-spacer\"><\/div>\n\n\n<div class=\"wp-block-image\">\n<figure class=\"aligncenter size-full is-resized\"><img loading=\"lazy\" decoding=\"async\" width=\"1024\" height=\"530\" src=\"http:\/\/mindsofresearch.com\/wp-content\/uploads\/2024\/01\/Hernan-confi.jpg\" alt=\"\" class=\"wp-image-1036\" style=\"width:696px;height:auto\" srcset=\"https:\/\/mindsofresearch.com\/wp-content\/uploads\/2024\/01\/Hernan-confi.jpg 1024w, https:\/\/mindsofresearch.com\/wp-content\/uploads\/2024\/01\/Hernan-confi-300x155.jpg 300w, https:\/\/mindsofresearch.com\/wp-content\/uploads\/2024\/01\/Hernan-confi-768x398.jpg 768w\" sizes=\"auto, (max-width: 1024px) 100vw, 1024px\" \/><\/figure>\n<\/div>\n\n\n<div style=\"color:#ddd\" class=\"wp-block-genesis-blocks-gb-spacer gb-block-spacer gb-divider-solid gb-spacer-divider gb-divider-size-1\"><hr style=\"height:16px\"\/><\/div>\n\n\n\n<div class=\"wp-block-columns has-2-columns is-layout-flex wp-container-core-columns-is-layout-9d6595d7 wp-block-columns-is-layout-flex\">\n<div class=\"wp-block-column is-vertically-aligned-top is-layout-flow wp-block-column-is-layout-flow\">\n<p class=\"has-text-align-left\" style=\"font-size:16px\">Soy Hern\u00e1n, coach especializado en programaci\u00f3n neuroling\u00fc\u00edstica y Kabbalah hebrea.<\/p>\n\n\n\n<p style=\"font-size:16px\">CEO de <strong>Mind Sof Research\u00ae<\/strong> un estudio I+D que agrupa mis proyectos digitales de difusi\u00f3n y formaci\u00f3n online en coaching, PNL y kabbalah.<\/p>\n<\/div>\n\n\n\n<div class=\"wp-block-column is-vertically-aligned-top is-layout-flow wp-block-column-is-layout-flow\">\n<p class=\"has-text-align-right has-small-font-size\" style=\"line-height:2.2\">Contacto<br><a href=\"mailto:info@mindsofresearch.com\">info@mindsofresearch.com<\/a><\/p>\n\n\n\n<p class=\"has-text-align-right has-small-font-size\">\u00a9 2023 Mind Sof Research LLC.<br>EIN: 61-2109378<br>Identificaci\u00f3n estatal: L23000405747<br>Inicio de actividades:&nbsp;29\/8\/2023<br>1900 N Bayshore Dr Suite 1A #136 -2734 <br>Miami, Florida, 33132<br>United States<\/p>\n<\/div>\n<\/div>\n","protected":false},"excerpt":{"rendered":"<p>Soy Hern\u00e1n, coach especializado en programaci\u00f3n neuroling\u00fc\u00edstica y Kabbalah hebrea. CEO de Mind Sof Research\u00ae un estudio I+D que agrupa mis proyectos digitales de difusi\u00f3n y formaci\u00f3n online en coaching, PNL y kabbalah. Contactoinfo@mindsofresearch.com \u00a9 2023 Mind Sof Research LLC.EIN: 61-2109378Identificaci\u00f3n estatal: L23000405747Inicio de actividades:&nbsp;29\/8\/20231900 N Bayshore Dr Suite 1A #136 -2734 Miami, Florida, 33132United [&hellip;]<\/p>\n","protected":false},"author":1,"featured_media":1044,"parent":0,"menu_order":0,"comment_status":"closed","ping_status":"closed","template":"","meta":{"_genesis_hide_title":true,"_genesis_hide_breadcrumbs":true,"_genesis_hide_singular_image":true,"_genesis_hide_footer_widgets":false,"_genesis_custom_body_class":"","_genesis_custom_post_class":"","_genesis_layout":"full-width-content","footnotes":""},"class_list":{"0":"post-1043","1":"page","2":"type-page","3":"status-publish","4":"has-post-thumbnail","6":"entry"},"featured_image_src":"https:\/\/mindsofresearch.com\/wp-content\/uploads\/2024\/01\/about-600x400.jpg","featured_image_src_square":"https:\/\/mindsofresearch.com\/wp-content\/uploads\/2024\/01\/about-600x600.jpg","_links":{"self":[{"href":"https:\/\/mindsofresearch.com\/index.php\/wp-json\/wp\/v2\/pages\/1043","targetHints":{"allow":["GET"]}}],"collection":[{"href":"https:\/\/mindsofresearch.com\/index.php\/wp-json\/wp\/v2\/pages"}],"about":[{"href":"https:\/\/mindsofresearch.com\/index.php\/wp-json\/wp\/v2\/types\/page"}],"author":[{"embeddable":true,"href":"https:\/\/mindsofresearch.com\/index.php\/wp-json\/wp\/v2\/users\/1"}],"replies":[{"embeddable":true,"href":"https:\/\/mindsofresearch.com\/index.php\/wp-json\/wp\/v2\/comments?post=1043"}],"version-history":[{"count":24,"href":"https:\/\/mindsofresearch.com\/index.php\/wp-json\/wp\/v2\/pages\/1043\/revisions"}],"predecessor-version":[{"id":1494,"href":"https:\/\/mindsofresearch.com\/index.php\/wp-json\/wp\/v2\/pages\/1043\/revisions\/1494"}],"wp:featuredmedia":[{"embeddable":true,"href":"https:\/\/mindsofresearch.com\/index.php\/wp-json\/wp\/v2\/media\/1044"}],"wp:attachment":[{"href":"https:\/\/mindsofresearch.com\/index.php\/wp-json\/wp\/v2\/media?parent=1043"}],"curies":[{"name":"wp","href":"https:\/\/api.w.org\/{rel}","templated":true}]}}